*2 + z + 12. Give i(6).
54
Let t(f) = -3*f**3 + 20*f**2 - 8*f - 17. What is t(6)?
7
Let x(d) = -4*d - 70. Determine x(-16).
-6
Let a(d) = 4*d**2 - 1. Calculate a(-3).
35
Let u(h) = -2*h**2 + 14*h + 18. What is u(8)?
2
Let p(m) = -2*m**2 - 11*m + 10. Give p(-6).
4
Let j(l) = -l**2 + 4*l + 1. Determine j(0).
1
Let j(l) = -2*l**3 - 69*l**2 - 38*l - 118. Give j(-34).
18
Let q(b) = -38*b**3 + b. Give q(-1).
37
Let v(q) = 8*q - 1. Calculate v(-3).
-25
Let v(k) = -k**3 - 9*k**2 - 8*k + 2. What is v(-8)?
2
Let n(v) = 40*v + 1007. Calculate n(-25).
7
Let u(i) = 2*i**2 + 25*i + 18. Determine u(-11).
-15
Let u(h) = -2*h**3 - 3*h**2 - 14*h - 25. What is u(-2)?
7
Let s(z) = -2*z**2 + 8*z + 11. Determine s(-5).
-79
Let k(x) = x**2 + 3. Give k(-3).
12
Let h(s) = -s**3 - 3*s**2 + 3*s - 3. Give h(-4).
1
Let s(b) = -4*b**2 + 3*b + 3. Determine s(2).
-7
Let o(j) = -j**3 + 4*j. Give o(-2).
0
Let s(q) = q**2 + 6*q - 7. Determine s(-7).
0
Let m(b) = b**3 + 12*b**2 + 14*b + 11. What is m(-11)?
-22
Let a(g) = 7*g**2 - 18*g - 2. What is a(3)?
7
Let g(l) = 13*l + 17. Determine g(9).
134
Let c(p) = p**3 + 14*p**2 + 4. Give c(-14).
4
Let f(m) = m - 2. Calculate f(5).
3
Let n(d) = -d**3 + 22*d**2 - 3*d + 53. Give n(22).
-13
Let f(v) = 5*v - 107. What is f(22)?
3
Let y(h) = -h**3 - 2*h**2 + h + 2. What is y(-4)?
30
Let g(p) = p**2 - 13*p + 14. Calculate g(12).
2
Let x(w) = -4*w - 11. Calculate x(-4).
5
Let g(d) = 20*d + 18. Calculate g(5).
118
Let w(x) = x**3 - 2*x**2 - 13*x - 7. Give w(5).
3
Let j(p) = p**3 - 25*p**2 + 26*p - 45. Calculate j(24).
3
Let o(d) = -d**2 - 3*d. What is o(-5)?
-10
Let k(v) = -5*v**3 - 2*v + 2. Give k(1).
-5
Let k(s) = -s**3 - s**2 + 16*s + 29. Determine k(-2).
1
Let i(c) = -4*c + 49. Give i(11).
5
Let o(r) = -r - 39. What is o(-9)?
-30
Let t(b) = b**2 + 20*b + 22. Give t(-22).
66
Let i(n) = -5*n + 9. Calculate i(10).
-41
Let x(s) = s**2 + 24*s - 378. Calculate x(11).
7
Let r(p) = p**2 + 4*p + 1. Calculate r(-6).
13
Let r(x) = 20*x + 14. Determine r(-9).
-166
Let z(t) = t + 7. Determine z(8).
15
Let d(b) = b**2 + 7*b + 16. Determine d(-7).
16
Let g(l) = -l**2 + 4*l + 1. What is g(4)?
1
Let k(q) = 4*q - 17. What is k(3)?
-5
Let r(s) = -s**3 + s**2 - 3*s + 25. Calculate r(3).
-2
Let h(m) = -m**3 + 13*m**2 - 14*m + 15. What is h(12)?
-9
Let v(l) = -l**3 - 9*l**2 - 9*l + 11. Calculate v(-8).
19
Let w(y) = 2*y - 1. Give w(-8).
-17
Let f(v) = 2*v - 22. What is f(12)?
2
Let f(x) = -x**3 + 16*x**2 + 15*x + 22. What is f(17)?
-12
Let c(a) = a**3 + 16*a**2 - 16*a + 16. Give c(-17).
-1
Let o(y) = 4*y + 7. Give o(-5).
-13
Let r(d) = d**2 + d - 12. Give r(-5).
8
Let q(p) = 6*p + 4. Determine q(-2).
-8
Let t(v) = v**3 - 11*v**2 - 55*v + 525. Give t(12).
9
Let v(c) = c**3 - 8*c**2 + 3*c + 34. Determine v(7).
6
Let h(i) = -2*i**3 - 42*i**2 + 39*i - 31. Give h(-22).
79
Let m(a) = -a**2 + 11*a + 74. Give m(-5).
-6
Let d(z) = z**2 - 13*z - 12. Calculate d(9).
-48
Let w(h) = h**3 - 4*h**2 + 2*h - 3. Determine w(3).
-6
Let n(c) = 3*c - 37. Give n(17).
14
Let o(x) = -x + 18. What is o(17)?
1
Let m(p) = -p**3 - 13*p**2 - 13*p - 7. Give m(-12).
5
Let r(g) = g**3 - 22*g**2 - 133*g + 14. Give r(-5).
4
Let x(t) = -t**3 + 4*t**2 - 2*t - 1. Give x(2).
3
Let h(o) = -o**2 + 27*o - 81. What is h(24)?
-9
Let y(s) = s + 8. Determine y(-4).
4
Let s(t) = 7*t + 36. What is s(-10)?
-34
Let q(o) = o**3 + 6*o**2 - 8*o + 2. Give q(-7).
9
Let l(c) = 2*c + 1. Determine l(-2).
-3
Let j(c) = -17*c**3 + 4*c**2 + 2*c - 1. Calculate j(-2).
147
Let d(n) = 9*n + 40. Determine d(-5).
-5
Let v(r) = 5*r + 67. Give v(-13).
2
Let y(m) = 2*m + 1. Determine y(0).
1
Let c(v) = -9*v**2 + 45*v - 1. What is c(4)?
35
Let v(c) = 29*c + 222. Determine v(-6).
48
Let h(w) = 3*w**3 - 21*w**2 - 2*w + 6. Determine h(7).
-8
Let h(a) = 4*a**2 + 7*a + 8. Determine h(-2).
10
Let l(j) = j**3 + 7*j**2 + 7*j + 3. Determine l(-5).
18
Let d(i) = -13*i + 71. Determine d(5).
6
Let t(p) = 30*p**2 + 5*p + 6. What is t(-1)?
31
Let i(v) = -v**2 - 7*v - 7. What is i(-1)?
-1
Let p(h) = 3*h - 53. Determine p(14).
-11
Let c(q) = -29*q - 29. What is c(0)?
-29
Let v(f) = 177*f - 1073. Determine v(6).
-11
Let o(t) = -t - 18. Determine o(8).
-26
Let h(y) = -7*y + 4. Calculate h(2).
-10
Let t(o) = 2*o**3 + 8*o**2 + 13*o + 2. Calculate t(-2).
-8
Let o(z) = -7*z + 11. Give o(-4).
39
Let l(a) = a**3 - 19*a**2 + 18*a - 4. Give l(18).
-4
Let v(p) = -3*p**3 - 48*p**2 + 11*p + 23. Determine v(-16).
-153
Let c(m) = -5*m**2 - 34*m + 4. What is c(-6)?
28
Let c(q) = 2*q + 86. Determine c(-39).
8
Let q(c) = c**2 + 33*c + 149. What is q(-28)?
9
Let o(m) = m - 9. Give o(9).
0
Let p(n) = -n**3 + 20*n**2 - 18*n - 21. Calculate p(19).
-2
Let r(c) = 2*c**3 - 4. What is r(-2)?
-20
Let y(c) = -c**3 - 5*c**2 - 4*c - 6. Determine y(-4).
-6
Let h(t) = 26*t - 10. What is h(1)?
16
Let r(m) = 12*m - 3. Give r(2).
21
Let p(o) = -o + 6. Give p(2).
4
Let u(l) = -12*l - 12. Determine u(-4).
36
Let z(h) = -h**3 - 7*h**2 + 4*h + 3. Calculate z(-5).
-67
Let g(l) = -l**3 - 3*l**2 - 2*l - 4. Calculate g(-4).
20
Let o(v) = v**2 - 13*v + 2. Calculate o(12).
-10
Let a(n) = -n**2 - 9*n - 7. Determine a(-8).
1
Let d(m) = -12*m - 26. Determine d(-4).
22
Let i(u) = u**3 - u + 44. Determine i(0).
44
Let m(a) = a**2 - 3*a - 12. Give m(-7).
58
Let y(k) = -k**2 - 5*k + 9. Give y(-6).
3
Let t(j) = -3*j**3 + 4*j - 2. Calculate t(2).
-18
Let i(w) = w**2 - 6*w + 2. Determine i(4).
-6
Let v(h) = 2*h**2 + 5*h - 10. Determine v(-5).
15
Let n(j) = j**3 - j**2 - j + 12. What is n(0)?
12
Let b(w) = 7*w + 10. Calculate b(-1).
3
Let s(z) = 2*z**3 + 20*z**2 - 1. What is s(-10)?
-1
Let w(x) = -2*x**2 + 15*x + 36. Give w(11).
-41
Let r(c) = -16*c - 12. Determine r(3).
-60
Let f(x) = -x**3 - 8*x**2 - 8*x + 6. Give f(-6).
-18
Let d(a) = 34*a - 56. What is d(6)?
148
Let i(m) = -m**3 + 4*m**2 + 5*m + 14. Calculate i(6).
-28
Let o(t) = -t**3 - 3*t**2 + 3*t - 3. Give o(-4).
1
Let q(g) = 14*g - 114. What is q(9)?
12
Let z(x) = -x**2 + 9*x + 9. Calculate z(8).
17
Let v(m) = m**2 + m + 97. Determine v(0).
97
Let a(m) = 4*m - 55. Determine a(20).
25
Let k(j) = 2*j**2 + 61*j + 31. Determine k(-30).
1
Let k(u) = u**3 + 22*u**2 - 24*u - 30. Determine k(-23).
-7
Let k(s) = 2*s + 45. What is k(-23)?
-1
Let t(s) = s**3 + 6*s**2 + 3*s + 5. Give t(-7).
-65
Let y(h) = 5*h - 2. What is y(2)?
8
Let f(y) = -14*y + 21. Determine f(6).
-63
Let c(v) = -v**2 - 5*v + 13. Calculate c(-7).
-1
Let q(p) = p**3 - 4*p**2 + 5*p + 2. Calculate q(4).
22
Let y(r) = -r**2 - 4*r - 6. Calculate y(11).
-171
Let u(c) = c**3 - 4*c**2 - c + 6. Calculate u(5).
26
Let q(f) = -39*f - 46. Calculate q(-1).
-7
Let p(q) = -q**3 - q**2 - 3*q - 3. Determine p(-3).
24
Let q(g) = -g - 17. Give q(-12).
-5
Let c(b) = b**3 - 4*b**2 - 4*b - 1. Calculate c(6).
47
Let o(t) = -t**3 + t**2 - 3*t + 5. Determine o(2).
-5
Let o(t) = -4*t - 50. Give o(-11).
-6
Let z(t) = -12*t + 4. Give z(3).
-32
Let t(a) = -11*a**2 - 54*a. What is t(-5)?
-5
Let p(v) = 12*v + 224. What is p(-19)?
-4
Let w(y) = y**3 + 17*y**2 - 36*y + 28. Calculate w(-19).
-10
Let c(i) = i**2 + 5*i - 692. Determine c(-29).
4
Let a(z) = -z**3 + 4*z**2 + 3*z - 6. Give a(4).
6
Let q(u) = 2*u**3 - 3*u + 2. Calculate q(2).
12
Let d(h) = -25*h - 76. Determine d(-3).
-1
Let j(z) = 7*z**2 + 5*z + 4. Calculate j(-2).
22
Let n(s) = s**2 - 2*s - 35. Determine n(6).
-11
Let n(b) = b**2 + 10*b - 7. Give n(-11).
4
Let o(w) = -w**3 + 18*w**2 - 20*w + 37. Give o(17).
-14
Let w(z) = -37*z + 6. Give w(2).
-68
Let r(s) = -s**2 - 8*s - 10. Give r(-6).
2
Let r(l) = 2*l - 4. Calculate r(10).
16
Let r(d) = -4*d - 9. What is r(-3)?
3
Let c(s) = s**2 - 15*s - 19. What is c(16)?
-3
Let s(k) = 11*k**2 - 42*k - 4. Calculate s(4).
4
Let h(t) = -7*t + 171. What is h(26)?
-11
Let t(m) = -m**3 - 2*m**2 + 18*m + 36. Determine t(-4).
-4
Let j(z) = z**2 + 5*z - 69. Determine j(6).
-3
Let y(i) = 25*i**3 + 3*i**2 + 8*i + 6. Calculate y(-1).
-24
Let n(v) = -v**2 + 10*v + 19. Give n(13).
-20
Let z(b) = -3*b + 89. Give z(14).
47
Let o(g) = -g**2 - 19*g + 7. What is o(-20)?
-13
Let q(x) = -x**3 + 3*x**2 + 5*x - 9. Determine q(4).
-5
Let d(c) = c**2 - 25*c - 24. Give d(26).
2
Let i(l) = l**3 - 12*l**2 + 3*l - 12. Calculate i(12).
24
Let k(z) = -2*z**2 - 4*z - 3. Calculate k(-3).
-9
Let z(o) = 13*o - 3. Determine z(2).
23
Let v(n) = n